What is the remainder when 1405 is divided by 21?
19
What is the remainder when 89 is divided by 78?
11
What is the remainder when 22 is divided by 5?
2
Calculate the remainder when 2293 is divided by 2281.
12
What is the remainder when 387 is divided by 23?
19
Calculate the remainder when 338 is divided by 12.
2
What is the remainder when 127 is divided by 64?
63
What is the remainder when 3160 is divided by 34?
32
Calculate the remainder when 177 is divided by 55.
12
What is the remainder when 10578 is divided by 10?
8
Calculate the remainder when 278 is divided by 13.
5
What is the remainder when 2066 is divided by 6?
2
Calculate the remainder when 119 is divided by 11.
9
Calculate the remainder when 505 is divided by 44.
21
Calculate the remainder when 1765 is divided by 585.
10
Calculate the remainder when 1275 is divided by 18.
15
What is the remainder when 161 is divided by 55?
51
Calculate the remainder when 1218 is divided by 53.
52
Calculate the remainder when 573 is divided by 36.
33
Calculate the remainder when 661 is divided by 19.
15
What is the remainder when 886 is divided by 54?
22
Calculate the remainder when 4379 is divided by 51.
44
Calculate the remainder when 523 is divided by 75.
73
Calculate the remainder when 4284 is divided by 713.
6
What is the remainder when 1246 is divided by 26?
24
Calculate the remainder when 92 is divided by 12.
8
What is the remainder when 6 is divided by 3?
0
What is the remainder when 1016 is divided by 38?
28
What is the remainder when 193 is divided by 50?
43
Calculate the remainder when 191 is divided by 24.
23
Calculate the remainder when 229 is divided by 80.
69
Calculate the remainder when 35 is divided by 14.
7
Calculate the remainder when 15434 is divided by 21.
20
What is the remainder when 72 is divided by 45?
27
Calculate the remainder when 13 is divided by 8.
5
Calculate the remainder when 328 is divided by 74.
32
What is the remainder when 12067 is divided by 10?
7
What is the remainder when 523 is divided by 106?
99
What is the remainder when 141 is divided by 127?
14
What is the remainder when 144 is divided by 49?
46
Calculate the remainder when 1056 is divided by 20.
16
Calculate the remainder when 503 is divided by 166.
5
Calculate the remainder when 273 is divided by 99.
75
Calculate the remainder when 49 is divided by 6.
1
Calculate the remainder when 198 is divided by 49.
2
Calculate the remainder when 2210 is divided by 163.
91
Calculate the remainder when 562 is divided by 115.
102
Calculate the remainder when 2283 is divided by 729.
96
Calculate the remainder when 71 is divided by 40.
31
Calculate the remainder when 9412 is divided by 22.
18
Calculate the remainder when 157 is divided by 55.
47
What is the remainder when 69 is divided by 19?
12
Calculate the remainder when 11283 is divided by 57.
54
Calculate the remainder when 21 is divided by 20.
1
Calculate the remainder when 6119 is divided by 36.
35
Calculate the remainder when 1182 is divided by 91.
90
What is the remainder when 454 is divided by 51?
46
Calculate the remainder when 214 is divided by 206.
8
Calculate the remainder when 3441 is divided by 123.
120
Calculate the remainder when 364 is divided by 41.
36
What is the remainder when 286 is divided by 36?
34
Calculate the remainder when 3500 is divided by 8.
4
Calculate the remainder when 191 is divided by 43.
19
What is the remainder when 37267 is divided by 121?
120
Calculate the remainder when 373 is divided by 18.
13
What is the remainder when 1296 is divided by 325?
321
What is the remainder when 229 is divided by 102?
25
Calculate the remainder when 127 is divided by 62.
3
Calculate the remainder when 938 is divided by 156.
2
What is the remainder when 131 is divided by 18?
5
Calculate the remainder when 5949 is divided by 121.
20
Calculate the remainder when 87 is divided by 28.
3
What is the remainder when 13888 is divided by 15?
13
What is the remainder when 94 is divided by 7?
3
Calculate the remainder when 812 is divided by 155.
37
Calculate the remainder when 146 is divided by 47.
5
What is the remainder when 254 is divided by 43?
39
What is the remainder when 528 is divided by 75?
3
Calculate the remainder when 566 is divided by 176.
38
Calculate the remainder when 41974 is divided by 73.
72
Calculate the remainder when 8710 is divided by 11.
9
What is the remainder when 179 is divided by 172?
7
Calculate the remainder when 96 is divided by 15.
6
Calculate the remainder when 85 is divided by 20.
5
What is the remainder when 2127 is divided by 1052?
23
Calculate the remainder when 1008 is divided by 26.
20
What is the remainder when 459 is divided by 138?
45
Calculate the remainder when 3326 is divided by 1659.
8
Calculate the remainder when 370 is divided by 22.
18
Calculate the remainder when 146 is divided by 37.
35
What is the remainder when 351 is divided by 60?
51
Calculate the remainder when 1026 is divided by 76.
38
What is the remainder when 178 is divided by 45?
43
Calculate the remainder when 66 is divided by 26.
14
Calculate the remainder when 724 is divided by 183.
175
What is the remainder when 830 is divided by 70?
60
Calculate the remainder when 640 is divided by 49.
3
Calculate the remainder when 38708 is divided by 24.
20
What is the remainder when 463 is divided by 58?
57
What is the remainder when 3373 is divided by 14?
13
Calculate the remainder when 23 is divided by 20.
3
What is the remainder when 1572 is divided by 234?
168
Calculate the remainder when 1083 is divided by 68.
63
Calculate the remainder when 152 is divided by 14.
12
What is the remainder when 11839 is divided by 32?
31
What is the remainder when 201 is divided by 92?
17
What is the remainder when 419 is divided by 71?
64
What is the remainder when 8774 is divided by 797?
7
Calculate the remainder when 434 is divided by 145.
144
What is the remainder when 194 is divided by 49?
47
Calculate the remainder when 843 is divided by 7.
3
What is the remainder when 1708 is divided by 285?
283
Calculate the remainder when 270 is divided by 66.
6
What is the remainder when 1471 is divided by 11?
8
Calculate the remainder when 125 is divided by 22.
15
What is the remainder when 78 is divided by 44?
34
Calculate the remainder when 1153 is divided by 307.
232
Calculate the remainder when 5220 is divided by 1303.
8
What is the remainder when 542 is divided by 108?
2
What is the remainder when 1449 is divided by 44?
41
Calculate the remainder when 237 is divided by 5.
2
What is the remainder when 21505 is divided by 19?
16
What is the remainder when 924 is divided by 247?
183
Calculate the remainder when 418 is divided by 141.
136
What is the remainder when 1495 is divided by 26?
13
Calculate the remainder when 286 is divided by 32.
30
What is the remainder when 2067 is divided by 90?
87
What is the remainder when 273 is divided by 56?
49
What is the remainder when 69 is divided by 15?
9
Calculate the remainder when 299 is divided by 37.
3
What is the remainder when 283 is divided by 57?
55
What is the remainder when 49 is divided by 16?
1
What is the remainder when 403 is divided by 390?
13
Calculate the remainder when 1822 is divided by 73.
70
Calculate the remainder when 4556 is divided by 48.
44
Calculate the remainder when 468 is divided by 187.
94
Calculate the remainder when 123 is divided by 112.
11
Calculate the remainder when 77 is divided by 8.
5
What is the remainder when 233 is divided by 76?
5
Calculate the remainder when 1382 is divided by 35.
17
What is the remainder when 352 is divided by 72?
64
Calculate the remainder when 383 is divided by 16.
15
What is the remainder when 14 is divided by 8?
6
Calculate the remainder when 594 is divided by 380.
214
What is the remainder when 466 is divided by 52?
50
Calculate the remainder when 428 is divided by 15.
8
Calculate the remainder when 2284 is divided by 103.
18
Calculate the remainder when 463 is divided by 78.
73
What is the remainder when 1147 is divided by 25?
22
Calculate the remainder when 3671 is divided by 12.
11
Calculate the remainder when 774 is divided by 111.
108
Calculate the remainder when 159 is divided by 39.
3
What is the remainder when 55 is divided by 5?
0
Calculate the remainder wh